{"id":6,"date":"2025-08-05T20:47:21","date_gmt":"2025-08-05T20:47:21","guid":{"rendered":""},"modified":"2025-11-03T06:42:30","modified_gmt":"2025-11-03T06:42:30","slug":"home","status":"publish","type":"page","link":"https:\/\/siestastation.pro\/","title":{"rendered":"Inicio"},"content":{"rendered":"<p>Descubre el mejor caf\u00e9 de juegos en Espa\u00f1a, donde podr\u00e1s disfrutar de tus videojuegos favoritos en un ambiente \u00fanico. Contamos con equipos de \u00faltima generaci\u00f3n y una amplia selecci\u00f3n de t\u00edtulos para todos los gustos.<\/p>\n<p><img decoding=\"async\" src=\"https:\/\/siestastation.pro\/wp-content\/uploads\/2025\/08\/477413fc-1417-412f-9580-45895a9b8304.webp\" loading=\"lazy\" alt=\"\" \/><\/p>\n<p>Reserva tu sesi\u00f3n ahora y vive la experiencia gaming como nunca antes. Ofrecemos precios por hora accesibles y promociones especiales para grupos.<\/p>\n","protected":false},"excerpt":{"rendered":"<p>Descubre el mejor caf\u00e9 de juegos en Espa\u00f1a, donde podr\u00e1s disfrutar de tus videojuegos favoritos en un ambiente \u00fanico. Contamos con equipos de \u00faltima generaci\u00f3n y una amplia selecci\u00f3n de t\u00edtulos para todos los gustos. Reserva tu sesi\u00f3n ahora y vive la experiencia gaming como nunca antes. Ofrecemos precios por hora accesibles y promociones especiales [&hellip;]<\/p>\n","protected":false},"author":1,"featured_media":7,"parent":0,"menu_order":0,"comment_status":"closed","ping_status":"closed","template":"","meta":{"footnotes":""},"class_list":["post-6","page","type-page","status-publish","has-post-thumbnail","hentry"],"_links":{"self":[{"href":"https:\/\/siestastation.pro\/index.php?rest_route=\/wp\/v2\/pages\/6","targetHints":{"allow":["GET"]}}],"collection":[{"href":"https:\/\/siestastation.pro\/index.php?rest_route=\/wp\/v2\/pages"}],"about":[{"href":"https:\/\/siestastation.pro\/index.php?rest_route=\/wp\/v2\/types\/page"}],"author":[{"embeddable":true,"href":"https:\/\/siestastation.pro\/index.php?rest_route=\/wp\/v2\/users\/1"}],"replies":[{"embeddable":true,"href":"https:\/\/siestastation.pro\/index.php?rest_route=%2Fwp%2Fv2%2Fcomments&post=6"}],"version-history":[{"count":1,"href":"https:\/\/siestastation.pro\/index.php?rest_route=\/wp\/v2\/pages\/6\/revisions"}],"predecessor-version":[{"id":51,"href":"https:\/\/siestastation.pro\/index.php?rest_route=\/wp\/v2\/pages\/6\/revisions\/51"}],"wp:featuredmedia":[{"embeddable":true,"href":"https:\/\/siestastation.pro\/index.php?rest_route=\/wp\/v2\/media\/7"}],"wp:attachment":[{"href":"https:\/\/siestastation.pro\/index.php?rest_route=%2Fwp%2Fv2%2Fmedia&parent=6"}],"curies":[{"name":"wp","href":"https:\/\/api.w.org\/{rel}","templated":true}]}}